- 10 = 4*d, -g + 2*d = -2*d - 19. Let x = g + 0. Suppose 5*m - 279 = m + x*a, 5*m + a = 344. Calculate the greatest common divisor of m and 46.
23
Let v(g) = -g**2 + 10*g + 18. Let b be v(11). What is the greatest common divisor of b and 77?
7
Suppose 0 = -4*q + q + 96. Calculate the highest common factor of q and 4.
4
Suppose -3 - 45 = -2*i. Let h be 1/4 + 2682/i. What is the greatest common divisor of h and 16?
16
Let b = 231 - 96. What is the highest common factor of 27 and b?
27
Suppose 4*f = 243 + 305. Let v = f + -95. What is the highest common divisor of 21 and v?
21
Let x be ((-770)/21)/(2/(-3)) - -1. What is the highest common factor of x and 16?
8
Let t be -2 - (-320 - (1 - 4)). Suppose 0*c + 3*c = -w + 189, -3*w = -5*c + t. Calculate the highest common divisor of 42 and c.
21
Let k be -1*(-5)/((-15)/18). Let q(t) = -t - 3. Let v be q(k). Suppose n + v*n - 52 = 0. Calculate the greatest common divisor of 91 and n.
13
Let x(j) = -46*j**2 - 1. Let m be x(-1). Let q = m + 74. What is the greatest common divisor of 297 and q?
27
Suppose 11 = 2*z - 49. Let f(n) = 2*n**3 - 5*n**2 + 6*n - 5. Let b be f(4). Let d = b - 22. Calculate the highest common factor of d and z.
15
Suppose 0*t = -t + 13. Suppose -2*m + 45 = t. Let j = 236 + -124. Calculate the highest common factor of j and m.
16
Let z(x) = -x - 1. Let r(f) = 22*f + 3. Let m(b) = -r(b) - 6*z(b). Let a be (1 + 1)*(-35)/10. Let o be m(a). Calculate the greatest common factor of 23 and o.
23
Let z = -3 - -19. Let y(f) = f**2 - f - 10. Let w be y(10). Suppose 4*r + 3*x = -x + w, 0 = r - 2*x - 8. What is the greatest common divisor of z and r?
16
Suppose 0 = -0*c + 3*c. Let k be 1/(c + (-4)/(-28)). Calculate the highest common factor of 21 and k.
7
Suppose 3*b - a = 108, 5*b + 3*a + a - 163 = 0. What is the greatest common divisor of b and 14?
7
Let r(w) = 8*w**2 + 2*w - 2. Let d be r(-3). Suppose -2*m + d = -0*m. What is the highest common divisor of m and 4?
4
Suppose -q + 5*q = 0. Suppose 4*k + y - 486 = q, 5*k - y - 603 = -0*y. Calculate the greatest common factor of k and 11.
11
Let i be 11/1 - (0 - 1). Let y be 804/66 - 4/22. Calculate the greatest common divisor of i and y.
12
Let j = 3 + 0. Suppose 0 = j*f - 4*k - 164 + 20, -5*f + 254 = -2*k. Calculate the greatest common divisor of 13 and f.
13
Let o(i) = -i**2 - 2*i + 4. Let p be o(-3). Let q = -12 + 23. Suppose -4*k - s = q - 35, 3*k = -4*s + 31. What is the highest common factor of p and k?
1
Suppose 0 = 3*j - 264 - 78. Suppose 0 + j = 3*y. Let i be 1/(1 - 0)*95. Calculate the highest common factor of y and i.
19
Suppose 3*w + 4*o + 20 = 0, -25 = 6*o - o. Suppose w = 2*p - 2*a, -a + 2*a = 3*p - 6. Calculate the highest common divisor of p and 9.
3
Suppose -w + 147 = 43. Let r be 12 - (-3 - (-2 + 0)). What is the greatest common factor of w and r?
13
Let p(l) = 15*l - 1. Let i(m) = 61*m - 4. Let d(j) = 2*i(j) - 9*p(j). Let w be d(-2). Let x be (4/6)/(4/18). Calculate the highest common factor of x and w.
3
Let p(d) = 3 - 2*d - 1 - 4 - 4. Suppose -3*f - 5*i + 5 = 0, -3*f - 23 = -4*i + 2*i. Let z be p(f). What is the highest common divisor of z and 32?
4
Suppose 0 = -o + 35 + 73. Let j = o + 156. What is the greatest common divisor of j and 24?
24
Let x = 31 + -19. Calculate the highest common factor of x and 18.
6
Let i be (-6)/(21/(-12) - -1). Let d = i - -69. What is the highest common divisor of d and 11?
11
Let n(b) = b**2 + 2*b + 1. Let i be n(-3). Let q(g) = -g**3 + 4*g**2 + g + 3. Let u be q(i). What is the highest common divisor of u and 35?
7
Let a = 0 + 0. Suppose b - 6 = -a*b. Suppose -s + 1 + 1 = 0. What is the greatest common divisor of b and s?
2
Let g = -51 + 79. What is the greatest common factor of g and 84?
28
Suppose -15*a + b + 57 = -13*a, -2*b - 36 = -a. Let j be (52/6)/((-4)/(-18)). Calculate the highest common divisor of a and j.
13
Let i = -88 - -127. Let n = i + -17. Calculate the greatest common divisor of n and 33.
11
Let z be (1 - -26)*(2 + 28/(-21)). Calculate the highest common factor of z and 18.
18
Suppose 3*k + 3 = 0, 2*o - 4*k + 3*k = 97. Calculate the greatest common factor of o and 72.
24
Suppose -y + 4*x - 1 = -0, 0 = -4*y + 5*x + 7. What is the greatest common factor of 3 and y?
3
Let x = -69 + 114. Suppose -x - 6 = -3*k. Calculate the greatest common factor of k and 68.
17
Let y = -53 - -93. What is the highest common factor of y and 4?
4
Let k(n) = -5*n + 6. Let o be -1 - -2 - 21/3. Let i be k(o). Suppose -y - 3 = -i. Calculate the greatest common factor of 3 and y.
3
Suppose -j - 1566 = -5*i, -2*j - 2 + 0 = 0. Let s = i + -129. What is the greatest common factor of 23 and s?
23
Let i(d) = -d**3 + 6*d**2 + 4*d - 9. Let m be i(6). Let s be 10/(-65) - (-48)/(-26). Let w be s + 4 + 136 + -3. What is the highest common divisor of w and m?
15
Suppose -5*m + 3*m + 18 = 0. Let t(f) = -3*f + 33. Let w be t(9). What is the highest common factor of m and w?
3
Suppose j + 0*j = 0. Let z be -3 + (2 - j) + 66. Calculate the greatest common factor of 13 and z.
13
Suppose -25*v + 278 = -122. What is the greatest common divisor of 1 and v?
1
Suppose 12*p - 2*p = 1040. Calculate the greatest common factor of 26 and p.
26
Let a = 17 - 21. Let w be (-6)/a*(53 - 5). What is the highest common factor of w and 9?
9
Let y(n) = 9*n**2 - 2*n. Let p be y(3). What is the greatest common divisor of p and 30?
15
Let s = -34 + 103. Suppose 2*d + 9 = s. Suppose 0 = -2*b + 6 + 18. What is the highest common factor of d and b?
6
Suppose -4*n + 428 = 3*c, 291 - 995 = -5*c - 2*n. What is the greatest common factor of c and 14?
14
Let b be 41/4 - 2/8. What is the highest common factor of 110 and b?
10
Let c be (-2632)/(-63) - 4/(-18) - 2. What is the greatest common divisor of c and 8?
8
Let m(o) = -37*o**3 - o**2 + 2*o + 2. Let g be m(-1). Let n = g - 17. Calculate the greatest common divisor of 152 and n.
19
Let y be 1 + (-435)/(-10) - (-1)/2. Calculate the highest common divisor of 15 and y.
15
Suppose -f = -g - 2*g - 91, -4*f + 64 = -2*g. Let x = g + 54. Calculate the greatest common divisor of x and 16.
8
Let r be (3 + -2)*(-5 - -1). Let b = r + 7. Suppose -b*q = 11 - 107. What is the highest common divisor of q and 80?
16
Let j be (-1 + 5)/(3 + -2). Let a be (-2)/(-1)*2/j. Suppose 13 = l - a. Calculate the highest common divisor of l and 42.
14
Let u(g) = g**2 + g + 328. Let k be u(0). Suppose 3*c - k = -c. Suppose 0 = m - c - 53. What is the highest common factor of 15 and m?
15
Let k = 27 + -16. Let i be 4/18 - (-204)/54. Let a(v) = -v**3 + 11*v**2 - 6*v. Let q be a(i). What is the highest common factor of k and q?
11
Suppose -2*v + 56 = 4*g - 68, -6 = -2*g. Suppose -2*b - 1 = 5*y, b - 22 = 3*y - 6. What is the highest common factor of v and b?
7
Suppose 2*r = 0, 3*r - 140 = -4*m - m. Calculate the highest common factor of m and 56.
28
Suppose 0 = -3*l + m - 20, 6*l - l - 4*m + 24 = 0. Suppose 0 = 4*s - d - 37, -s + 0*s = d - 8. Let h = l + s. Calculate the highest common divisor of 3 and h.
1
Let r = 34 - 27. Suppose l + 5*w = 20, 20 = 2*l + 3*w + 2*w. Suppose 4*k + 2*s - 4 = l, 3*s + 5 = 6*k - k. What is the highest common factor of r and k?
1
Let j = 22 - 7. Let g be (-5 - -5 - 1) + (1 - -3). Calculate the greatest common divisor of j and g.
3
Let h be 11*(-3)/(-6 - -3). Calculate the greatest common divisor of 33 and h.
11
Suppose -q = q - 4. Suppose 2*j - 724 = -4*u, q*u = u + 3*j + 174. Calculate the greatest common divisor of 20 and u.
20
Let r(x) = x**2 - 2*x - 6. Let q be r(-4). Suppose -3 - 3 = -3*m. Suppose 3*n - 9 = m*n. What is the greatest common divisor of n and q?
9
Let n(t) = 6*t + 5. Let i be n(2). What is the greatest common factor of 51 and i?
17
Let g be (-1 - -2 - 1) + 35. What is the highest common factor of 7 and g?
7
Let g be (48/21 + -2)*7. Let k be -2*g/(-2 + 0). Suppose -k*o + 9 = -51. What is the highest common divisor of 10 and o?
10
Suppose 4*s + 71 = 2*f - s, -3*f = -2*s - 134. What is the highest common divisor of f and 120?
24
Suppose -2*q - 2*q - 3 = -5*u, 3*q = u + 6. Suppose 0 = -2*w - 0*w - 4, -q*t = -2*w - 46. What is the highest common divisor of t and 28?
14
Let n = 81 - 113. Let a = -48 + 94. Let q = a + n. Calculate the greatest common divisor of 42 and q.
14
Suppose 4 